*y - 2*a - 45. What is the units digit of y?
7
What is the units digit of (11 - 237)/(4/3 + -2)?
9
What is the hundreds digit of 30/(-135) + 7654/18?
4
What is the hundreds digit of -1 - 7/(2 + 1035/(-515))?
7
Let v(f) = 11*f - 11. Let g(r) = -5*r + 5. Let n(c) = -5*g(c) - 2*v(c). Let w be n(-6). Let y = -5 - w. What is the units digit of y?
6
Suppose 68599 = 84*v - 387773. What is the units digit of v?
3
Let f be 1*(-4 + 2 + 7). Suppose -f*l = k - 155, 0 = 6*k - 2*k. What is the units digit of l?
1
Let w = -2313 + 3000. What is the units digit of w?
7
Suppose -t - 1480 = -4*s + 199, -3*s + 2*t + 1258 = 0. Suppose 4*q - 4*k = 536, -q - 3*k + s = 2*q. What is the units digit of q?
7
Let y = -15 + 13. What is the units digit of (80/24)/(y/(-6))?
0
Let n(a) = a**2 + 19*a + 23. Let d be n(-17). Let g = d - -72. What is the units digit of g?
1
Let d be 1 + -6 + 1 + 3. Let u be ((-120)/(-7))/(d/(-7)). Let g = u - 86. What is the units digit of g?
4
Let h(y) = 2*y**2 + y. Suppose 3*a + 4 + 2 = 0. Let n be h(a). Suppose -3*c - 5 = -5*w, -n*c = -2*c. What is the units digit of w?
1
Let h(n) = 6*n - 42. Let w be h(7). Suppose -3*k - c + 965 = 0, 3*k + 3*c - 957 = -w*c. What is the units digit of k?
3
Let h be (4/10)/(2/630). Suppose -5*t + 8*t = h. What is the units digit of t?
2
Let m = -24 - -25. Suppose -11 = -3*j + m. Suppose -b - 3*b = -j. What is the units digit of b?
1
Let y(u) = u**3 - 6*u**2 - 7*u - 1. Let w be y(7). What is the hundreds digit of w/3 - (-975)/9?
1
Suppose -2*l + 2*r + 912 + 302 = 0, 5*l = -3*r + 3011. What is the units digit of l?
4
Suppose -640 = -4*b - 4*m + 2*m, -4*b = m - 642. What is the hundreds digit of b?
1
Suppose -5*j + 3*c = 4*c - 173, -4*c + 114 = 3*j. Let s = -27 + j. What is the units digit of s?
7
Let h(n) be the third derivative of n**5/60 + 5*n**4/24 - 4*n**3/3 - 5*n**2. Let f = -19 + 11. What is the units digit of h(f)?
6
Suppose -8*w + 3726 = -2*w. What is the hundreds digit of w?
6
Suppose -5*q = -3*m + 9 - 33, 2*m = 3*q - 14. Let v(r) = r**3 - 5*r**2 + 4*r - 4. What is the units digit of v(q)?
6
Suppose 21*d - 14795 + 1292 = 0. What is the tens digit of d?
4
Let y(v) = -250*v + 392. What is the hundreds digit of y(-8)?
3
Suppose -z + u + 13 = 3*u, 4*z - 4*u - 64 = 0. Let k = 1 - -1. Suppose k*j + j = z. What is the units digit of j?
5
Let d(k) = -k**3 + 4*k**2 - 3*k - 4. Let u(n) = -n**2 - 9*n + 13. Let i be u(-10). Let w be d(i). What is the tens digit of 20/(w/(-1))*3?
1
Suppose 0 = 2*k - 4 - 4. Suppose k*p = 1047 + 317. What is the tens digit of p?
4
Let k(q) = 25*q - 5. Let r = 10 + -8. What is the tens digit of k(r)?
4
Let q = 46 - 45. What is the units digit of (3 + -4 + 5)/q?
4
Suppose 2*t = -134 - 894. What is the tens digit of (-2)/(-6) - (-5)/(-30)*t?
8
Let v(k) = -2*k**3 - 3*k**2 + 3*k + 1. Let x be v(-3). Suppose 1095 = 6*b + 1041. Let r = x + b. What is the tens digit of r?
2
Let v be (3*14/3)/2. Suppose 2 + 26 = v*h. What is the units digit of h?
4
Suppose -7*i + 20 = -2*i. Suppose 10 = i*w - 2*w. Suppose -a - 188 = -w*a - 5*u, 0 = -2*a + 2*u + 112. What is the tens digit of a?
5
Let w(u) = -u + 2. Let l be w(3). Suppose 4*r + 8 = -0. Let b = l - r. What is the units digit of b?
1
Let u(c) = 150*c**3 + 2*c**2 + 6*c + 5. What is the units digit of u(3)?
1
Let k = 374 + -348. What is the tens digit of k?
2
Let o(c) = c**2 + 21*c + 22. Let a be o(-20). What is the units digit of 8/20 - (a - 748/5)?
8
Let v(i) = i**3 + 22*i**2 + 18*i - 104. What is the tens digit of v(-19)?
3
Let k be 16/(-80) - 36/(-5). Suppose -228 = p - k*p. What is the tens digit of p?
3
Suppose -277 + 232 = -3*x. What is the tens digit of x?
1
Let w be (4/(-4) - 3 - -3)*-2. Suppose 2*d - 3*x - 30 = 0, 5*d = d - w*x + 76. What is the units digit of d?
8
Let w(h) be the third derivative of -h**6/120 + h**5/5 - h**4/8 + h**3/2 + 24*h**2. What is the tens digit of w(6)?
0
Suppose 0 = -3*r + w + 680, -4*w = r + r - 444. What is the tens digit of r?
2
Let q = 34 - 19. Suppose -q*o = -20*o - 30. Let c(y) = 3*y**2 + 9*y + 8. What is the tens digit of c(o)?
6
Let m be 3 + (-16)/(-4) - 2. Let u(f) = f**3 - 6*f**2 + 7*f - 8. Let g be u(m). What is the units digit of -22*g/(-4) + -2?
9
Let q(f) = f**3 + 5*f**2 + 5*f. Let n be q(-4). Let h = 452 + -395. What is the tens digit of (h/(-4))/(1/n)?
5
Suppose -6*f + 3*f - 5*l + 175 = 0, -5*f - 5*l = -285. Let b = 12 + f. What is the tens digit of b?
6
Let k = -15 - -17. Suppose 10 = k*b - 0. Suppose 5*n - 228 = f, b*f = 2*n - 91 + 9. What is the tens digit of n?
4
Let a(u) be the second derivative of u**5/20 - u**4/12 - 5*u**3/6 - 5*u**2 - 37*u. What is the tens digit of a(7)?
4
Let x = -90 - -94. Suppose x*y + 2*u - 768 = 0, 5*y - 2*u = -4*u + 962. What is the tens digit of y?
9
Let l = -12 + 3. Let f be 30/l*(-15)/5. Let k = f + -1. What is the units digit of k?
9
Suppose -2*k = 3*k - 4*k. Suppose k = 8*i - 12*i + 236. What is the units digit of i?
9
Suppose 6*r = 3*r + 36. Suppose -247 + r = -5*l. Suppose 0 = -v + 3*z + 18, -3*v + z + l = -z. What is the tens digit of v?
1
Suppose 0*h + 88 = 4*h. Suppose h + 190 = d. What is the tens digit of d?
1
Let w(y) = 123*y**2 + 4*y - 45. What is the thousands digit of w(5)?
3
Let y(n) = -8*n + 10. Let p(t) = 8*t - 10. Let u(q) = -5*p(q) - 6*y(q). What is the tens digit of u(5)?
3
Let d(m) = -2*m**2 + 3*m**2 + 7 + 2*m**2 - 2*m - 2*m**2. Let x be d(7). Suppose 0*q + 2*q - x = 0. What is the tens digit of q?
2
Let d be 3 - (1/(-4) + (-99)/36). Let x(r) = 18*r - 14. What is the tens digit of x(d)?
9
Suppose j + p = 3357, -3*j + 17*p - 16*p + 10087 = 0. What is the hundreds digit of j?
3
Suppose 5*z - 2796 = 3*z - g, -5*z + g + 7004 = 0. What is the hundreds digit of z?
4
Suppose 2*b - 434 + 140 = 0. What is the units digit of b?
7
Let v = -64 - -62. Let w(y) = -25*y**3 + 3*y + 1. What is the hundreds digit of w(v)?
1
Suppose 2*f - 5272 = -h + 161, 3*f - 8162 = h. What is the tens digit of f?
1
Let l = 7 - 2. Suppose -4*d - 11 - l = 0. Let k = 12 + d. What is the units digit of k?
8
Let a = -912 - -1243. What is the tens digit of a?
3
Let z(u) = -12. Let p(i) = -i + 13. Let n(f) = 2*p(f) + 3*z(f). Let h be n(-7). Suppose -3*w = h*d - 32, 5*d = 5*w + 70 - 30. What is the units digit of d?
8
Suppose 3*g - 8*m = -4*m + 362, -m - 120 = -g. Suppose 3*l - 188 = g. What is the hundreds digit of l?
1
Let i = -3274 - -4870. What is the hundreds digit of i?
5
Let j(l) = 18 - 33 - l**2 - 5*l + 5*l. Let y be j(0). Let g = y - -25. What is the units digit of g?
0
Suppose -2*i + 2*n - 76 - 348 = 0, 0 = -5*i - n - 1048. Let b = i + 297. What is the tens digit of b?
8
Suppose -73 = 3*z - f - 635, -5*z = -5*f - 940. What is the units digit of z?
7
Suppose 3*s = 10*s - 2030. What is the units digit of s?
0
Let z(v) = -5*v**3 + 2*v**2 + 10*v + 2. Let d be z(-3). Suppose 0 = -6*y + 307 + d. What is the units digit of y?
2
Let w(r) = -r**3 + 8*r**2 + 12*r + 13. Suppose 3*k = -2*k + 45. What is the units digit of w(k)?
0
What is the units digit of 18/(1 + -7) + 7 + 416?
0
Let b(o) = -5*o**2 - 1. Let h be b(-1). What is the tens digit of (2 - (-32)/h)*-9?
3
Suppose -5*a - 22 - 9 = -2*g, -g - 4*a - 17 = 0. Suppose -g*v = 2*u - 162, 3*v - 78 - 162 = -3*u. What is the tens digit of u?
7
What is the units digit of (2/(-16))/(8/(-42304))?
1
Suppose y - 2*y - l + 374 = 0, 0 = -y - 4*l + 389. What is the hundreds digit of y?
3
Suppose -3*k = 3*k + 102. Let m be 0 + 0 - (-183 + k). Suppose 8*q = 3*q + m. What is the units digit of q?
0
Suppose -20*m + 139152 = 19*m. What is the tens digit of m?
6
Let o be (-5)/(-1) - (21 - -19). Let d = o + 120. What is the tens digit of d?
8
Let v(r) = 4*r + 174. What is the tens digit of v(11)?
1
Let d = -128 + 147. What is the units digit of d?
9
Let r(b) be the first derivative of b**4/4 + 11*b**3/3 + 3*b**2 - 2*b + 17. What is the tens digit of r(-9)?
0
Let b(f) = 17*f**2 - 20*f - 25. What is the hundreds digit of b(-7)?
9
Let f(a) = -18*a - 235. What is the tens digit of f(-14)?
1
Suppose -110*f + 200 = -90*f. Let q be (2 + 37)*(-1)/1. What is the tens digit of (-4 + f/3)*q?
2
Suppose -24*d + 27*d = 63. Let t = d - 16. Let b(v) = v**2 - 2*v + 6. What is the tens digit of b(t)?
2
Let w = -40 + 30. Let o(t) = -t**2 - 12*t - 18. Let y be o(w).